he highest common divisor of g and a?
18
Suppose -4*j = 32*h - 35*h - 189, 5*h = -4*j + 197. What is the greatest common factor of 162 and j?
6
Let m(f) = f**3 - 347*f**2 - 12954*f + 9. Let h be m(381). Let z(q) = q**3 - q**2 - 4*q + 3. Let o be z(3). What is the greatest common divisor of h and o?
9
Suppose 219 = f + 3*u, -10*f + 8*f - 3*u + 435 = 0. What is the highest common divisor of 558 and f?
18
Let x be 1276/20 + 234/(-130). Calculate the highest common divisor of x and 248.
62
Let t(w) = -5*w**2 - 109*w + 143. Let z be t(-20). What is the highest common divisor of 34 and z?
17
Let q be (10 + 224)*5/2 - 0. Suppose 0 = -218*j + 215*j + q. Calculate the highest common divisor of j and 117.
39
Let u be 216 + (60/70)/((-1)/7). Calculate the highest common factor of 90 and u.
30
Let r = 83 + -41. Let h be ((-1958)/(-66) - 39)/((-2)/3). What is the highest common divisor of r and h?
14
Let j(d) = 11*d + 149. Let i be j(-34). Let k = -126 - i. Calculate the greatest common divisor of k and 11.
11
Let o be -1 - (-21 - (4 - 2)). Suppose 0 = -4*u - 45*v + 48*v + 405, 3*u = -v + 294. Calculate the greatest common divisor of o and u.
11
Let k(i) = 333*i**2 + 2*i + 6. Let g be k(-3). Suppose 7*a + g = 44*a. Let o = 376 - 268. Calculate the highest common divisor of a and o.
27
Let f = -88 + 206. Let i be (f/(-8))/((-5)/260). What is the highest common factor of i and 59?
59
Suppose -107 = b - 4*v - 407, 5*b = 2*v + 1518. What is the highest common factor of 209 and b?
19
Let u(q) = 2*q - 15. Let i be u(11). Let m(v) = -v**3 + 7*v**2 - 8*v - 12. Let a be m(i). Let n = 74 + a. What is the highest common divisor of 54 and n?
6
Let z be 56 + (-121)/((-66)/(-6)). Calculate the highest common factor of 3420 and z.
45
Let c be (297/(-44) + -9)/((-9)/24). Calculate the greatest common divisor of 6846 and c.
42
Let o = -2877 - -2940. Calculate the greatest common factor of o and 3339.
63
Suppose 2*u - 164 = g, -248 = -9*u + 6*u + 2*g. Let b(s) = 38*s**2 - 2*s - 1. Let h be b(-1). Let l = -23 + h. Calculate the highest common factor of l and u.
16
Let a(v) = -6*v**2 + 17*v - 9. Let q(j) = 2*j**2 - 6*j + 3. Let f(u) = -3*a(u) - 8*q(u). Let d be f(-2). Calculate the highest common factor of 221 and d.
17
Let a = 227 - 210. Let y = 3 - 2. Let u = a + y. Calculate the greatest common divisor of u and 9.
9
Let o(d) = 5*d**2 + 2*d**2 + d**2. Suppose 9*n = 15 + 21. Let p be o(n). Calculate the highest common factor of 32 and p.
32
Let s(d) = -d**3 + 28*d**2 + 34*d - 113. Let v be s(29). Let r be 6500/19 - v/304. What is the highest common divisor of r and 76?
38
Let a = 161 + -159. Suppose -a*k - 7*k = -855. Calculate the greatest common factor of k and 5.
5
Let n = -187 - -262. Let v = 3593 - 2168. What is the highest common factor of v and n?
75
Suppose -y - 11 = -s, -5*s + 83 - 82 = 4*y. Calculate the highest common divisor of s and 5355.
5
Let f be (-123)/(-3) - (-7 - -7). Suppose -f*r = -37*r - 264. What is the greatest common divisor of r and 66?
66
Let q(l) = -15*l + 85. Let d be q(5). Let g be 715/d - 18/12. Calculate the greatest common factor of g and 1190.
70
Let c(p) = 11*p - 99. Let y be 150/12*(-4 + 26/5). Let k be c(y). What is the greatest common factor of 30 and k?
6
Let j be (0 - (6 + -4))*10/(-4). Let l be (759/(-69))/((-2)/10). Calculate the highest common divisor of l and j.
5
Let g be (105/385)/(6/836). Let z be ((-266)/(-4))/((-2)/(-8)). Calculate the greatest common divisor of g and z.
38
Let p(n) = -4*n - 56. Let l(m) = -4*m - 60. Let f(g) = 5*l(g) - 6*p(g). Let y be f(-6). What is the greatest common divisor of 732 and y?
12
Suppose 11 = -11*f + 55. Let d(s) = 82*s - 119. Let y be d(f). Let p = -33 - -52. Calculate the greatest common divisor of p and y.
19
Suppose -5*v + 71 = -4*v. Suppose -7 = -m + v. Suppose 0 = -3*f - 4*u + 581, 4*u = 3*f + 2*f - 979. What is the greatest common divisor of m and f?
39
Let g = -204 + 352. Suppose 0*q = -3*n + 3*q + 117, -4*n + 2*q = -g. What is the highest common factor of 70 and n?
35
Suppose 35*a - 1216 = 3*a. Let n be 15*(3387/15 - 3). Let r be (-16)/(-88) + n/11. Calculate the greatest common factor of a and r.
38
Let h(o) = -3*o - 5. Suppose 8*k + 63 - 7 = 0. Let i be h(k). Calculate the greatest common factor of 368 and i.
16
Let r = 17573 - 17277. What is the highest common factor of 4292 and r?
148
Let r(d) = 5*d**3 + 14*d**3 - 7 + 2*d + 6. Let i be r(1). Let m be (-5)/(-30) - (-46)/12. What is the greatest common factor of m and i?
4
Suppose 16*u + 172 = 1436. Suppose -u*n = -93*n + 98. Calculate the highest common divisor of n and 2.
1
Suppose -952 = -0*i - 7*i. Suppose -c + 5*c + i = 4*y, 5*c - 10 = 0. Let v be (-2310)/(-16) - ((-168)/64 - -3). What is the greatest common divisor of v and y?
36
Suppose 0 = 13*s - 12576 - 3336. Calculate the greatest common factor of 648 and s.
72
Let o be (130/25)/((-18)/(-45)). Suppose -o*f = -50*f + 296. What is the highest common divisor of 536 and f?
8
Let g(r) = -2*r**2 - 20*r + 4. Let t be g(-10). Let h be t*-1*(1 + (-366)/24). Calculate the highest common divisor of h and 95.
19
Suppose 3*a - 5511 = 3*v, 1986 = 2*a + 4*v - 1706. Calculate the highest common factor of a and 5.
5
Suppose -5*b + 181*d + 2541 = 188*d, 2549 = 5*b + 3*d. Calculate the highest common factor of b and 876.
73
Suppose -5653 = -39*o + 7507 - 2552. What is the greatest common divisor of 12 and o?
4
Let h(w) = w**3 - w. Let t be h(-1). Suppose t = -6*n + 11*n - 150. Suppose 0 = 9*g - 3*g - 420. Calculate the greatest common factor of g and n.
10
Let l(x) = -x**2 + 32*x - 170. Let b be l(7). Suppose 4*j - 53 + 161 = b*m, 88 = 4*m - 4*j. Calculate the greatest common divisor of m and 1780.
20
Suppose -5*z = -4*z - 220. Suppose 10*k + 260 + z = 0. Let s be ((-9)/4)/(6 - (-297)/k). What is the highest common factor of s and 3?
3
Let n(f) = 4*f**3 - 5*f**2 + 8*f - 27. Let i(p) = -3*p**2 - 23*p + 14. Let w be i(-8). Let b be n(w). What is the greatest common factor of 30 and b?
15
Let b = 190 - 43. Let x be ((-3584)/(-640))/(4/45). What is the greatest common factor of x and b?
21
Let n be 749 - -6 - (24 - 13). Calculate the greatest common factor of 1302 and n.
186
Suppose i - l - 20 = 0, 0 = 4*i - 0*i + 5*l - 71. Suppose 0 = 3*x, -29*o + 5*x + 76 = -25*o. Calculate the greatest common divisor of i and o.
19
Suppose 3*k + 2*s = 288, 76 = -2*s + 64. Calculate the greatest common divisor of k and 1660.
20
Suppose 3*g - 43 = -l, -4*g + 44 = -2*l + 6*l. What is the greatest common factor of 16 and g?
16
Suppose 0 = 2*y + 5*s - 10940, 4*y = 5*s - 9206 + 31116. Calculate the highest common divisor of y and 292.
73
Let x = 924 - 921. Let r = -34 + 37. What is the greatest common divisor of r and x?
3
Let n = -23 - -27. Suppose n*k + 12 = x - k, 0 = 5*k - 5. What is the greatest common factor of 289 and x?
17
Suppose 11*i - 882 = 636. Let t = 257 - i. Calculate the highest common factor of 17 and t.
17
Suppose -10*x + 8*x + 3*g = -70, x = 5*g + 28. Calculate the greatest common factor of x and 1634.
38
Let l be ((-132)/(-198))/(1/24). Let h be -49 - -617 - l/(-2). Calculate the greatest common factor of h and 32.
32
Suppose a + 1 = 2. Let l(x) = -x**2 + 3*x + 3. Let i be l(4). Let v be ((-4)/4)/(i/2). What is the greatest common divisor of v and a?
1
Let k be 78/104 + (-1978)/(-8). Suppose 4*o + 5*t - k = 3*t, 5*o = 2*t + 328. Let g = 94 - o. What is the greatest common factor of g and 180?
30
Suppose -4*o + 0*o + 170 = 3*w, -138 = -3*o + 3*w. Let g be 19 + (-651)/35 - 163/(-5). What is the highest common factor of o and g?
11
Let m = 592 - 448. Suppose -52*a = -48*a - m. Calculate the greatest common factor of 132 and a.
12
Let z be 2/(10/12*24/30). Let x(o) = 2*o**3 - o**2 - 7*o - 8. Let r be x(z). Calculate the greatest common factor of r and 656.
16
Suppose -23506 = -19*b + 16290 - 11752. What is the greatest common factor of b and 410?
82
Suppose 4*j + 4*b - 176 = 0, b + 220 = -28*j + 33*j. Calculate the highest common factor of j and 638.
22
Let k = 4581 + -3209. What is the highest common factor of 294 and k?
98
Let l(v) = v**2 - 87*v - 2154. Let m be l(110). What is the highest common divisor of m and 50?
2
Let o be (708 - -392) + -4*1. What is the greatest common factor of o and 6